+ 564. What is the remainder when n is divided by w?
9
Suppose 8*t + 17184 = -8*t. Let o = -935 - t. Suppose l - 11 = 17. Calculate the remainder when o is divided by l.
27
Suppose 2*k = -3*k. Suppose -6*w + 13*w - 28 = k. Suppose -16 + 4 = -w*f, h + 4*f - 46 = 0. Calculate the remainder when 133 is divided by h.
31
What is the remainder when (-246 - 0)/((-588)/980) is divided by 35?
25
Let x(s) = -2*s**2 + 16*s - 11. Let p be (-5 - 1)/(3/(-3)). Calculate the remainder when 2 + (4 + 2)*p is divided by x(6).
12
Suppose -6 = -6*h + 8*h, -1286 = -4*s - 2*h. What is the remainder when s is divided by 90?
53
Let w = 75 + -65. Suppose w*y - 153 - 137 = 0. Let d = -70 - -125. What is the remainder when d is divided by y?
26
Suppose -23*k - 7*k + 570 = 0. Suppose 6*u - 5*u = -111. Let i = 185 + u. What is the remainder when i is divided by k?
17
Let j = -471 - -16. Calculate the remainder when (-10)/8 - j/28 is divided by 8.
7
Suppose -3*w = 4*n - 5*w - 1060, 0 = w - 2. Suppose 3*v - n = -3*s - v, 0 = s + 2*v - 86. Calculate the remainder when s is divided by 19.
18
Let q(y) = y**2 + 51. What is the remainder when q(0) is divided by 0 + (0 - -4) - 2 - (-74004)/5286?
3
Suppose 1109 = 9*i + 29. What is the remainder when 291 is divided by i?
51
Let o(b) = -571*b + 5212. Calculate the remainder when 172 is divided by o(9).
26
Let w(o) = 29*o - 256. Suppose 32 = -14*p + 158. Let f = 41 + -23. What is the remainder when f is divided by w(p)?
3
Let q(j) = 5*j + 81. Suppose -12*v + 243 = -9. Calculate the remainder when q(v) is divided by (329/(-21))/((-1)/3).
45
Let n(i) = -6*i - 6. Let r be n(-2). Suppose -2*k = -v - 6 - 3, -r = 3*v + k. Let m = v - -31. What is the remainder when m is divided by 6?
4
Suppose -h + 346 = 3*z, 3*z = 5*z + h - 231. Calculate the remainder when 433 is divided by z.
88
Let u(l) = 2*l**2 + 22*l - 779. What is the remainder when 857 is divided by u(16)?
7
Suppose 0 = -8*g + 389 + 75. Let b(t) = -28*t**3 + 2*t**2 - 4*t - 5. Calculate the remainder when g is divided by b(-1).
0
Suppose 0*n - 15 = 3*n, 5*y = n + 15. Let o(z) = 2*z**3 + 2*z**2 - 5*z + 4. What is the remainder when 39 - 2 - (-1 + 16/4) is divided by o(y)?
16
Suppose 3*p + 111 = 6*p. What is the remainder when (6 - 1)/((-18)/(-522)) is divided by p?
34
Let w be 2 - (1175/(-100) + (-2)/8). Suppose -2*g = 4*q - 88, q = 11*g - w*g + 132. Calculate the remainder when g is divided by 19.
6
Let h(v) = 105*v + 1586. Calculate the remainder when 688 is divided by h(-15).
6
Let i = 214 + 16. Suppose b - 5*a = 85, -5*b - 5*a + 45 = -i. What is the remainder when b is divided by 16?
12
Suppose 783*q - 723*q = 1020. Calculate the remainder when 101 is divided by q.
16
Let n = 1814 - 1755. What is the remainder when 2947 is divided by n?
56
Suppose 3*y - 4*d = -1644, -y = -3*y + d - 1091. What is the remainder when y/(-12) - (-5)/(-75)*5 is divided by 24?
21
Suppose 12*t = 2*t + 70. Let v = 7 + t. Calculate the remainder when 20 is divided by v.
6
Suppose f = -5*s - 108 + 200, -3*s = -2*f + 106. Let r(u) = u**2 - 7*u - 6. Calculate the remainder when f is divided by r(10).
14
Let o = -25 + 41. Suppose 0 = -4*g - 39 - 53. Let b = 83 + g. Calculate the remainder when b is divided by o.
12
Suppose -6 = -g + 3*z + 5, -3*z = 2*g - 4. What is the remainder when 212 is divided by g?
2
Let m(p) = -60*p - 45. Let z be m(-3). Suppose -195 = -4*a - z. What is the remainder when 58 is divided by a?
13
Let y = 431 - 300. Suppose 127*r = y*r - 696. Calculate the remainder when r is divided by 44.
42
Let z(q) = -q**2 + 17*q - 14. Let u be z(16). Suppose 2 - 6 = -u*h. Calculate the remainder when 37 is divided by (-228)/18*h/(-4)*3.
18
Suppose 0*a = 5*k - 4*a - 95, 0 = 2*a. Suppose k*f + 2*w = 14*f + 105, 0 = -5*f + 4*w + 105. Calculate the remainder when 71 is divided by f.
8
Let o(c) be the first derivative of 1/4*c**4 + 6*c**2 - 13 - 8/3*c**3 - 15*c. Calculate the remainder when 96 is divided by o(7).
16
Let o(u) = -1072*u + 5409. Calculate the remainder when 111 is divided by o(5).
13
Suppose 45*s = -41*s + 9288. What is the remainder when s is divided by 50?
8
Let v(m) = -m**2 + 6*m. Let r be v(6). Let k = r + 17. Suppose 1618 - 16095 = -467*w. Calculate the remainder when w is divided by k.
14
Suppose -5*w - 5214 = 61*w. Let t = 115 - 206. Let o = w - t. What is the remainder when o is divided by 6?
0
Suppose -5*h + 69 = -211. Let q(b) = -167*b**3 - b**2 + 2*b + 3. What is the remainder when q(-1) is divided by h?
55
Suppose -12*j = -7*j - 210. Suppose -i = -3*i + 3*y + j, 0 = -i + 4*y + 31. Calculate the remainder when i is divided by 15.
0
Suppose 62*v - 138 = 60*v. Let w(n) = -n**3 + 5*n**2 + 9*n. Calculate the remainder when v is divided by w(6).
15
Let z be -70 - (1 - -2 - (8 + -4)). What is the remainder when 40 is divided by (z/15)/(-2*2/20)?
17
Suppose 2*g - 426 = -v, 757 = 3*g + 3*v + 124. Calculate the remainder when 1498 is divided by g.
208
Suppose 3*l - 2*n = 877, -3*n + 1 = 7. Calculate the remainder when l is divided by 13.
5
Let c(v) = 5*v**3 - v**2 - 5*v + 11. Suppose 6*r = 23 - 11. Calculate the remainder when 102 is divided by c(r).
28
Calculate the remainder when 344 is divided by (9 - 3) + 13 - 1*8.
3
Let c(b) = 127*b + 656. Calculate the remainder when c(-3) is divided by 28/6 - 24/36.
3
Let f = -180 + 201. What is the remainder when (f/6 - 0)*2 is divided by (-3)/(3/2) - -5?
1
Let d(c) = c**2 - 17*c + 47. Let w be d(14). Suppose m + a + 5 = 0, -2*m = 2*a - 7*a - 25. Let u = w - m. What is the remainder when 7 is divided by u?
2
Let p(y) = y**3 + 10*y**2 + 3*y - 17. Let n be p(-8). Suppose 4*u - 3*f - 2*f - 111 = 0, 5*f = 3*u - n. What is the remainder when 46 is divided by u?
22
Let q be 2 + (-2 - 11*3). Let r(l) = l**3 + 46*l**2 + 89*l + 106. Calculate the remainder when r(-44) is divided by (q/(-2))/((-3)/(-6)).
29
Suppose 11*t - 3*t = 24. Let d be -31 + (-5 - (-7 + t)). Let u(j) = j**2 + 30*j + 98. What is the remainder when u(d) is divided by 15?
12
Suppose -11*i + 4*i = -42. Suppose -i*f + 85 = 61. What is the remainder when 22 is divided by f?
2
Let o = -101 + 169. Suppose -3*h + 3*b + 48 = 0, 5*h - 2*b - b - 76 = 0. What is the remainder when o is divided by h?
12
Let h be 5*-9*(-68)/60. Let t = -46 + h. Suppose 0 = -4*j - 2*p + 210, 0*j = 3*j - t*p - 177. Calculate the remainder when j is divided by 19.
16
Suppose 3*k = 3*y - 192, 5*k = y - 5 - 79. What is the remainder when 158775/(-730)*(33/(-60) + 2/(-8)) is divided by y?
56
Suppose -3*x + 497 = -4*f, -31*x + 28*x - 4*f + 457 = 0. Calculate the remainder when x is divided by 63.
33
Let k(b) = -2*b + 8. Let m = 18 - -24. Suppose 3*h - 84 = -m. What is the remainder when k(-6) is divided by h?
6
Suppose 0 = o + 3*f - 631, 0 = 5*o - 5*f + 3*f - 3087. Let b = -598 + o. Calculate the remainder when 170 is divided by b.
2
Let i be (1 - 46)*(-78)/(-2). Suppose 0 = 40*p - 44*p + 80. What is the remainder when 2/3*i/(-30) is divided by p?
19
Suppose 2*t + 230 = 2*k, -5*k + 334 = -4*t - 243. What is the remainder when 190 is divided by k?
73
Let o = 182 - 193. Let l(k) = 3*k**2 + k - 1. What is the remainder when ((-624)/(-30))/(-8)*(o - -1) is divided by l(-2)?
8
Suppose 0 = 2*u + 2*h - 48, 0 = 2*u + 3*h - 30 - 21. Calculate the remainder when u is divided by (255/(-24)*(-48)/120)/(2/8).
4
Suppose -2*w = -3*w + 145. Suppose -26 = h + 35 - 46, 30 = 3*k + h. What is the remainder when w is divided by k?
10
Let x = -1 - -17. Suppose -6*b = -10*b + x. Suppose 0 = b*u - u - 147. Calculate the remainder when u is divided by 13.
10
Let c(v) = 2*v**2 + 15. Let z(u) = 3*u**2 + 31. Let h(n) = -5*c(n) + 3*z(n). Let m be h(6). Let p = m - -65. Calculate the remainder when p is divided by 12.
11
Suppose 123 = 7*l + 802. Let c = 100 + l. Suppose -c*q - 2*r = -104, -142 = -3*q - q - 2*r. What is the remainder when 263 is divided by q?
35
Let z(q) = -35*q + 18. Let b be z(-8). Suppose -342 = -5*w + b. Calculate the remainder when w is divided by 13.
11
Let n be ((-278)/(-8))/(3*(-1)/12). What is the remainder when 1*(0/(-7) - n) is divided by 72?
67
Let j = 17 - 11. Let v be 1/10*5*j. Suppose -2*b + 49 = k, -v*k + 3*b + b + 187 = 0. Calculate the remainder when k is divided by 20.
17
Let c = -145 + 152. Let l(z) be the third de